{"id":2635,"date":"2022-11-04T15:40:55","date_gmt":"2022-11-04T18:40:55","guid":{"rendered":"https:\/\/fundhas.org.br\/portfolio\/2021\/?page_id=2635"},"modified":"2022-11-07T10:04:01","modified_gmt":"2022-11-07T13:04:01","slug":"erradicacao-trabalho-infantil","status":"publish","type":"page","link":"https:\/\/fundhas.org.br\/portfolio\/portfolio2022\/inicio\/cultura-da-paz\/erradicacao-trabalho-infantil\/","title":{"rendered":"Erradica\u00e7\u00e3o ao Trabalho Infantil"},"content":{"rendered":"<p><b><i>Tema: Programa de Erradica\u00e7\u00e3o do Trabalho Infantil<\/i><\/b><\/p>\r\n<h4><span style=\"color: #00aeef;\">Descri\u00e7\u00e3o<\/span><\/h4>\r\n<div>\r\n<p style=\"text-align: justify;\">As a\u00e7\u00f5es do PETI (Programa de Erradica\u00e7\u00e3o do Trabalho Infantil), foram realizadas em parcerias com a equipe da SASC \u2013 Secretaria de Apoio ao Cidad\u00e3o.<\/p>\r\n<p style=\"text-align: justify;\">Considerando que o Trabalho Infantil \u00e9 uma grave viola\u00e7\u00e3o de direitos humanos, que impede o desenvolvimento integral das crian\u00e7as e adolescentes, foi realizada a parceria com a equipe do Servi\u00e7o de Abordagem Especializada em Trabalho Infantil da SASC (Secretaria de Apoio Socaial ao Cidad\u00e3o) para sensibilizar e debater de forma l\u00fadica essa tem\u00e1tica t\u00e3o importante para nossa institui\u00e7\u00e3o. Houve inicialmente a proposta de confec\u00e7\u00e3o dos Cata-Ventos, onde pode representada e assegurada o direito de brincar de construir projeto de vida passando a possibilitar \u00e0s crian\u00e7as\/adolescentes a reflex\u00e3o de seus direitos e deveres, inerentes \u00e0 forma\u00e7\u00e3o profissional.<\/p>\r\n<p style=\"text-align: justify;\">Em S\u00e3o Jos\u00e9 dos Campos, com o Decreto n\u00b017.948 de 27 de agosto de 2018 criou-se a Comiss\u00e3o Municipal Intersetorial de A\u00e7\u00f5es Estrat\u00e9gicas do Programa de Erradica\u00e7\u00e3o do Trabalho Infantil em que nossa institui\u00e7\u00e3o \u00e9 membro integrante.<\/p>\r\n<p style=\"text-align: justify;\">Desde ent\u00e3o, a FUNDHAS (Funda\u00e7\u00e3o H\u00e9lio Augusto de Souza) tem como proposta para preven\u00e7\u00e3o do trabalho infantil, a\u00e7\u00f5es divididas por eixos, sendo eles: Informa\u00e7\u00e3o e Mobiliza\u00e7\u00e3o, Identifica\u00e7\u00e3o, Prote\u00e7\u00e3o Social, Defesa e Monitoramento.<\/p>\r\n<p style=\"text-align: justify;\"><strong><span style=\"color: #00aeef;\">Galeria de Imagens<\/span><\/strong><\/p>\r\n<\/div>\r\n<div>\r\n<div id='gallery-1' class='czr-gallery row flex-row czr-gallery-style gallery galleryid-2635 gallery-columns-3 gallery-size-thumbnail'><figure class='gallery-item col col-auto'>\r\n                        <div class='gallery-icon landscape czr-gallery-icon'>\r\n                              <a href=https:\/\/fundhas.org.br\/portfolio\/portfolio2022\/inicio\/cultura-da-paz\/attachment\/3404\/ class=\"bg-link\"><\/a><img loading=\"lazy\" decoding=\"async\" width=\"150\" height=\"150\" src=\"https:\/\/fundhas.org.br\/portfolio\/portfolio2022\/wp-content\/uploads\/2022\/10\/TRABALHO_INFANTIL01-1-150x150.jpeg\" class=\"attachment-thumbnail size-thumbnail no-lazy\" alt=\"\" sizes=\"auto, (min-width: 1200px) 350px, (min-width: 992px) 290px, (min-width: 768px) 210px, (min-width: 576px) 150px, calc( 50vw - 30px )\" srcset=\"https:\/\/fundhas.org.br\/portfolio\/portfolio2022\/wp-content\/uploads\/2022\/10\/TRABALHO_INFANTIL01-1-150x150.jpeg 150w, https:\/\/fundhas.org.br\/portfolio\/portfolio2022\/wp-content\/uploads\/2022\/10\/TRABALHO_INFANTIL01-1-510x510.jpeg 510w\" \/><div class=\"post-action btn btn-skin-dark-shaded inverted\"><a href=\"https:\/\/fundhas.org.br\/portfolio\/portfolio2022\/wp-content\/uploads\/2022\/10\/TRABALHO_INFANTIL01-1.jpeg\" class=\"icn-expand\" data-lb-type=\"grouped-gallery\"><\/a><\/div>\r\n                        <\/div><\/figure><figure class='gallery-item col col-auto'>\r\n                        <div class='gallery-icon landscape czr-gallery-icon'>\r\n                              <a href=https:\/\/fundhas.org.br\/portfolio\/portfolio2022\/inicio\/cultura-da-paz\/attachment\/3400\/ class=\"bg-link\"><\/a><img loading=\"lazy\" decoding=\"async\" width=\"150\" height=\"150\" src=\"https:\/\/fundhas.org.br\/portfolio\/portfolio2022\/wp-content\/uploads\/2022\/10\/TRABALHO_INFANTIL05-1-150x150.jpg\" class=\"attachment-thumbnail size-thumbnail no-lazy\" alt=\"\" sizes=\"auto, (min-width: 1200px) 350px, (min-width: 992px) 290px, (min-width: 768px) 210px, (min-width: 576px) 150px, calc( 50vw - 30px )\" srcset=\"https:\/\/fundhas.org.br\/portfolio\/portfolio2022\/wp-content\/uploads\/2022\/10\/TRABALHO_INFANTIL05-1-150x150.jpg 150w, https:\/\/fundhas.org.br\/portfolio\/portfolio2022\/wp-content\/uploads\/2022\/10\/TRABALHO_INFANTIL05-1-510x510.jpg 510w\" \/><div class=\"post-action btn btn-skin-dark-shaded inverted\"><a href=\"https:\/\/fundhas.org.br\/portfolio\/portfolio2022\/wp-content\/uploads\/2022\/10\/TRABALHO_INFANTIL05-1.jpg\" class=\"icn-expand\" data-lb-type=\"grouped-gallery\"><\/a><\/div>\r\n                        <\/div><\/figure><figure class='gallery-item col col-auto'>\r\n                        <div class='gallery-icon landscape czr-gallery-icon'>\r\n                              <a href=https:\/\/fundhas.org.br\/portfolio\/portfolio2022\/inicio\/cultura-da-paz\/attachment\/3403\/ class=\"bg-link\"><\/a><img loading=\"lazy\" decoding=\"async\" width=\"150\" height=\"150\" src=\"https:\/\/fundhas.org.br\/portfolio\/portfolio2022\/wp-content\/uploads\/2022\/10\/TRABALHO_INFANTIL02-1-150x150.jpeg\" class=\"attachment-thumbnail size-thumbnail no-lazy\" alt=\"\" sizes=\"auto, (min-width: 1200px) 350px, (min-width: 992px) 290px, (min-width: 768px) 210px, (min-width: 576px) 150px, calc( 50vw - 30px )\" srcset=\"https:\/\/fundhas.org.br\/portfolio\/portfolio2022\/wp-content\/uploads\/2022\/10\/TRABALHO_INFANTIL02-1-150x150.jpeg 150w, https:\/\/fundhas.org.br\/portfolio\/portfolio2022\/wp-content\/uploads\/2022\/10\/TRABALHO_INFANTIL02-1-510x510.jpeg 510w\" \/><div class=\"post-action btn btn-skin-dark-shaded inverted\"><a href=\"https:\/\/fundhas.org.br\/portfolio\/portfolio2022\/wp-content\/uploads\/2022\/10\/TRABALHO_INFANTIL02-1.jpeg\" class=\"icn-expand\" data-lb-type=\"grouped-gallery\"><\/a><\/div>\r\n                        <\/div><\/figure><figure class='gallery-item col col-auto'>\r\n                        <div class='gallery-icon landscape czr-gallery-icon'>\r\n                              <a href=https:\/\/fundhas.org.br\/portfolio\/portfolio2022\/inicio\/cultura-da-paz\/attachment\/3402\/ class=\"bg-link\"><\/a><img loading=\"lazy\" decoding=\"async\" width=\"150\" height=\"150\" src=\"https:\/\/fundhas.org.br\/portfolio\/portfolio2022\/wp-content\/uploads\/2022\/10\/TRABALHO_INFANTIL03-1-150x150.jpeg\" class=\"attachment-thumbnail size-thumbnail no-lazy\" alt=\"\" sizes=\"auto, (min-width: 1200px) 350px, (min-width: 992px) 290px, (min-width: 768px) 210px, (min-width: 576px) 150px, calc( 50vw - 30px )\" srcset=\"https:\/\/fundhas.org.br\/portfolio\/portfolio2022\/wp-content\/uploads\/2022\/10\/TRABALHO_INFANTIL03-1-150x150.jpeg 150w, https:\/\/fundhas.org.br\/portfolio\/portfolio2022\/wp-content\/uploads\/2022\/10\/TRABALHO_INFANTIL03-1-510x510.jpeg 510w\" \/><div class=\"post-action btn btn-skin-dark-shaded inverted\"><a href=\"https:\/\/fundhas.org.br\/portfolio\/portfolio2022\/wp-content\/uploads\/2022\/10\/TRABALHO_INFANTIL03-1.jpeg\" class=\"icn-expand\" data-lb-type=\"grouped-gallery\"><\/a><\/div>\r\n                        <\/div><\/figure><figure class='gallery-item col col-auto'>\r\n                        <div class='gallery-icon landscape czr-gallery-icon'>\r\n                              <a href=https:\/\/fundhas.org.br\/portfolio\/portfolio2022\/inicio\/cultura-da-paz\/attachment\/3401\/ class=\"bg-link\"><\/a><img loading=\"lazy\" decoding=\"async\" width=\"150\" height=\"150\" src=\"https:\/\/fundhas.org.br\/portfolio\/portfolio2022\/wp-content\/uploads\/2022\/10\/TRABALHO_INFANTIL04-1-150x150.jpeg\" class=\"attachment-thumbnail size-thumbnail no-lazy\" alt=\"\" sizes=\"auto, (min-width: 1200px) 350px, (min-width: 992px) 290px, (min-width: 768px) 210px, (min-width: 576px) 150px, calc( 50vw - 30px )\" srcset=\"https:\/\/fundhas.org.br\/portfolio\/portfolio2022\/wp-content\/uploads\/2022\/10\/TRABALHO_INFANTIL04-1-150x150.jpeg 150w, https:\/\/fundhas.org.br\/portfolio\/portfolio2022\/wp-content\/uploads\/2022\/10\/TRABALHO_INFANTIL04-1-510x510.jpeg 510w\" \/><div class=\"post-action btn btn-skin-dark-shaded inverted\"><a href=\"https:\/\/fundhas.org.br\/portfolio\/portfolio2022\/wp-content\/uploads\/2022\/10\/TRABALHO_INFANTIL04-1.jpeg\" class=\"icn-expand\" data-lb-type=\"grouped-gallery\"><\/a><\/div>\r\n                        <\/div><\/figure><figure class='gallery-item col col-auto'>\r\n                        <div class='gallery-icon landscape czr-gallery-icon'>\r\n                              <a href=https:\/\/fundhas.org.br\/portfolio\/portfolio2022\/inicio\/cultura-da-paz\/attachment\/3399\/ class=\"bg-link\"><\/a><img loading=\"lazy\" decoding=\"async\" width=\"150\" height=\"150\" src=\"https:\/\/fundhas.org.br\/portfolio\/portfolio2022\/wp-content\/uploads\/2022\/10\/TRABALHO_INFANTIL06-1-150x150.jpg\" class=\"attachment-thumbnail size-thumbnail no-lazy\" alt=\"\" sizes=\"auto, (min-width: 1200px) 350px, (min-width: 992px) 290px, (min-width: 768px) 210px, (min-width: 576px) 150px, calc( 50vw - 30px )\" srcset=\"https:\/\/fundhas.org.br\/portfolio\/portfolio2022\/wp-content\/uploads\/2022\/10\/TRABALHO_INFANTIL06-1-150x150.jpg 150w, https:\/\/fundhas.org.br\/portfolio\/portfolio2022\/wp-content\/uploads\/2022\/10\/TRABALHO_INFANTIL06-1-510x510.jpg 510w\" \/><div class=\"post-action btn btn-skin-dark-shaded inverted\"><a href=\"https:\/\/fundhas.org.br\/portfolio\/portfolio2022\/wp-content\/uploads\/2022\/10\/TRABALHO_INFANTIL06-1.jpg\" class=\"icn-expand\" data-lb-type=\"grouped-gallery\"><\/a><\/div>\r\n                        <\/div><\/figure>\r\n                  <\/div>\n\r\n<\/div>\r\n<p><strong><!-- \/wp:post-content -->\r\n\r\n<!-- wp:gallery {\"ids\":[\"754\",\"759\",\"760\",\"761\",\"762\"],\"linkTo\":\"media\"} --><\/strong><\/p>","protected":false},"excerpt":{"rendered":"<p>Tema: Programa de Erradica\u00e7\u00e3o do Trabalho Infantil Descri\u00e7\u00e3o As a\u00e7\u00f5es do PETI (Programa de Erradica\u00e7\u00e3o do Trabalho Infantil), foram realizadas em parcerias com a equipe da SASC \u2013 Secretaria de Apoio ao Cidad\u00e3o. Considerando que o Trabalho Infantil \u00e9 uma grave viola\u00e7\u00e3o de direitos humanos, que impede o desenvolvimento integral das crian\u00e7as e adolescentes, foi [&hellip;]<\/p>\n","protected":false},"author":5,"featured_media":0,"parent":318,"menu_order":0,"comment_status":"closed","ping_status":"closed","template":"","meta":{"footnotes":""},"class_list":["post-2635","page","type-page","status-publish","czr-hentry"],"_links":{"self":[{"href":"https:\/\/fundhas.org.br\/portfolio\/portfolio2022\/wp-json\/wp\/v2\/pages\/2635","targetHints":{"allow":["GET"]}}],"collection":[{"href":"https:\/\/fundhas.org.br\/portfolio\/portfolio2022\/wp-json\/wp\/v2\/pages"}],"about":[{"href":"https:\/\/fundhas.org.br\/portfolio\/portfolio2022\/wp-json\/wp\/v2\/types\/page"}],"author":[{"embeddable":true,"href":"https:\/\/fundhas.org.br\/portfolio\/portfolio2022\/wp-json\/wp\/v2\/users\/5"}],"replies":[{"embeddable":true,"href":"https:\/\/fundhas.org.br\/portfolio\/portfolio2022\/wp-json\/wp\/v2\/comments?post=2635"}],"version-history":[{"count":13,"href":"https:\/\/fundhas.org.br\/portfolio\/portfolio2022\/wp-json\/wp\/v2\/pages\/2635\/revisions"}],"predecessor-version":[{"id":3946,"href":"https:\/\/fundhas.org.br\/portfolio\/portfolio2022\/wp-json\/wp\/v2\/pages\/2635\/revisions\/3946"}],"up":[{"embeddable":true,"href":"https:\/\/fundhas.org.br\/portfolio\/portfolio2022\/wp-json\/wp\/v2\/pages\/318"}],"wp:attachment":[{"href":"https:\/\/fundhas.org.br\/portfolio\/portfolio2022\/wp-json\/wp\/v2\/media?parent=2635"}],"curies":[{"name":"wp","href":"https:\/\/api.w.org\/{rel}","templated":true}]}}