{"id":2659,"date":"2021-11-16T15:37:44","date_gmt":"2021-11-16T18:37:44","guid":{"rendered":"https:\/\/fundhas.org.br\/portfolio\/2021\/?page_id=2659"},"modified":"2021-11-25T15:51:13","modified_gmt":"2021-11-25T18:51:13","slug":"o-futuro-trabalho","status":"publish","type":"page","link":"https:\/\/fundhas.org.br\/portfolio\/portfolio2021\/inicio\/junior-archiement\/o-futuro-trabalho\/","title":{"rendered":"O Futuro do Trabalho"},"content":{"rendered":"<h4><b><i>Tema: Ano Internacional da Economia Criativa<\/i><\/b><\/h4>\r\n<h4><span style=\"color: #00aeef;\">Descri\u00e7\u00e3o<\/span><\/h4>\r\n<p style=\"text-align: justify;\">O Projeto desenvolvido para adolescentes a partir dos 15 anos e meio, em parceria com a Junior Achievement, com intuito de melhor visualizar a import\u00e2ncia da escolha de um percurso profissional, tendo em mente que algumas profiss\u00f5es, t\u00eam sofrido altera\u00e7\u00f5es nas exig\u00eancias e sendo extintas.<\/p>\r\n<p style=\"text-align: justify;\">Algumas oportunidades t\u00eam sido criadas com observa\u00e7\u00f5es de um novo cen\u00e1rio no mercado de trabalho, carreiras em alto crescimento e desenvolvimento de habilidades socioemocionais como premissas do futuro do trabalho que envolvam culturas diferenciadas de reflex\u00e3o e promo\u00e7\u00e3o de novos profissionais para contemporaneidade de um mundo em transforma\u00e7\u00e3o.<\/p>\r\n<div><i><\/i><i><span style=\"font-weight: 400;\"><br \/><\/span><\/i><\/div>\r\n<div>\r\n<h4><span style=\"color: #00aeef;\">Galeria de Imagens<\/span><\/h4>\r\n<\/div>\r\n<!-- \/wp:post-content -->\r\n\r\n<!-- wp:gallery {\"ids\":[\"754\",\"759\",\"760\",\"761\",\"762\"],\"linkTo\":\"media\"} -->\r\n<div id='gallery-1' class='czr-gallery row flex-row czr-gallery-style gallery galleryid-2659 gallery-columns-3 gallery-size-thumbnail'><figure class='gallery-item col col-auto'>\r\n                        <div class='gallery-icon landscape czr-gallery-icon'>\r\n                              <a data-lb-type=\"grouped-gallery\" href=https:\/\/fundhas.org.br\/portfolio\/portfolio2021\/wp-content\/uploads\/2021\/11\/Economia-2021-08-23-at-09.39.28.jpeg class=\"bg-link\"><\/a><img loading=\"lazy\" decoding=\"async\" width=\"150\" height=\"150\" src=\"https:\/\/fundhas.org.br\/portfolio\/portfolio2021\/wp-content\/uploads\/2021\/11\/Economia-2021-08-23-at-09.39.28-150x150.jpeg\" class=\"attachment-thumbnail size-thumbnail no-lazy\" alt=\"\" sizes=\"auto, (min-width: 1200px) 350px, (min-width: 992px) 290px, (min-width: 768px) 210px, (min-width: 576px) 150px, calc( 50vw - 30px )\" srcset=\"https:\/\/fundhas.org.br\/portfolio\/portfolio2021\/wp-content\/uploads\/2021\/11\/Economia-2021-08-23-at-09.39.28-150x150.jpeg 150w, https:\/\/fundhas.org.br\/portfolio\/portfolio2021\/wp-content\/uploads\/2021\/11\/Economia-2021-08-23-at-09.39.28-510x510.jpeg 510w\" \/>\r\n                        <\/div><\/figure><figure class='gallery-item col col-auto'>\r\n                        <div class='gallery-icon landscape czr-gallery-icon'>\r\n                              <a data-lb-type=\"grouped-gallery\" href=https:\/\/fundhas.org.br\/portfolio\/portfolio2021\/wp-content\/uploads\/2021\/11\/Economia-2021-08-24-at-09.23.08.jpeg class=\"bg-link\"><\/a><img loading=\"lazy\" decoding=\"async\" width=\"150\" height=\"150\" src=\"https:\/\/fundhas.org.br\/portfolio\/portfolio2021\/wp-content\/uploads\/2021\/11\/Economia-2021-08-24-at-09.23.08-150x150.jpeg\" class=\"attachment-thumbnail size-thumbnail no-lazy\" alt=\"\" sizes=\"auto, (min-width: 1200px) 350px, (min-width: 992px) 290px, (min-width: 768px) 210px, (min-width: 576px) 150px, calc( 50vw - 30px )\" srcset=\"https:\/\/fundhas.org.br\/portfolio\/portfolio2021\/wp-content\/uploads\/2021\/11\/Economia-2021-08-24-at-09.23.08-150x150.jpeg 150w, https:\/\/fundhas.org.br\/portfolio\/portfolio2021\/wp-content\/uploads\/2021\/11\/Economia-2021-08-24-at-09.23.08-510x510.jpeg 510w\" \/>\r\n                        <\/div><\/figure><figure class='gallery-item col col-auto'>\r\n                        <div class='gallery-icon landscape czr-gallery-icon'>\r\n                              <a data-lb-type=\"grouped-gallery\" href=https:\/\/fundhas.org.br\/portfolio\/portfolio2021\/wp-content\/uploads\/2021\/11\/Economia-2021-08-26-at-15.36.jpeg class=\"bg-link\"><\/a><img loading=\"lazy\" decoding=\"async\" width=\"150\" height=\"150\" src=\"https:\/\/fundhas.org.br\/portfolio\/portfolio2021\/wp-content\/uploads\/2021\/11\/Economia-2021-08-26-at-15.36-150x150.jpeg\" class=\"attachment-thumbnail size-thumbnail no-lazy\" alt=\"\" sizes=\"auto, (min-width: 1200px) 350px, (min-width: 992px) 290px, (min-width: 768px) 210px, (min-width: 576px) 150px, calc( 50vw - 30px )\" srcset=\"https:\/\/fundhas.org.br\/portfolio\/portfolio2021\/wp-content\/uploads\/2021\/11\/Economia-2021-08-26-at-15.36-150x150.jpeg 150w, https:\/\/fundhas.org.br\/portfolio\/portfolio2021\/wp-content\/uploads\/2021\/11\/Economia-2021-08-26-at-15.36-510x510.jpeg 510w\" \/>\r\n                        <\/div><\/figure>\r\n                  <\/div>\n\r\n<p>&nbsp;<\/p>","protected":false},"excerpt":{"rendered":"<p>Tema: Ano Internacional da Economia Criativa Descri\u00e7\u00e3o O Projeto desenvolvido para adolescentes a partir dos 15 anos e meio, em parceria com a Junior Achievement, com intuito de melhor visualizar a import\u00e2ncia da escolha de um percurso profissional, tendo em mente que algumas profiss\u00f5es, t\u00eam sofrido altera\u00e7\u00f5es nas exig\u00eancias e sendo extintas. Algumas oportunidades t\u00eam [&hellip;]<\/p>\n","protected":false},"author":5,"featured_media":0,"parent":2467,"menu_order":1,"comment_status":"closed","ping_status":"closed","template":"","meta":{"footnotes":""},"class_list":["post-2659","page","type-page","status-publish","czr-hentry"],"_links":{"self":[{"href":"https:\/\/fundhas.org.br\/portfolio\/portfolio2021\/wp-json\/wp\/v2\/pages\/2659","targetHints":{"allow":["GET"]}}],"collection":[{"href":"https:\/\/fundhas.org.br\/portfolio\/portfolio2021\/wp-json\/wp\/v2\/pages"}],"about":[{"href":"https:\/\/fundhas.org.br\/portfolio\/portfolio2021\/wp-json\/wp\/v2\/types\/page"}],"author":[{"embeddable":true,"href":"https:\/\/fundhas.org.br\/portfolio\/portfolio2021\/wp-json\/wp\/v2\/users\/5"}],"replies":[{"embeddable":true,"href":"https:\/\/fundhas.org.br\/portfolio\/portfolio2021\/wp-json\/wp\/v2\/comments?post=2659"}],"version-history":[{"count":5,"href":"https:\/\/fundhas.org.br\/portfolio\/portfolio2021\/wp-json\/wp\/v2\/pages\/2659\/revisions"}],"predecessor-version":[{"id":3055,"href":"https:\/\/fundhas.org.br\/portfolio\/portfolio2021\/wp-json\/wp\/v2\/pages\/2659\/revisions\/3055"}],"up":[{"embeddable":true,"href":"https:\/\/fundhas.org.br\/portfolio\/portfolio2021\/wp-json\/wp\/v2\/pages\/2467"}],"wp:attachment":[{"href":"https:\/\/fundhas.org.br\/portfolio\/portfolio2021\/wp-json\/wp\/v2\/media?parent=2659"}],"curies":[{"name":"wp","href":"https:\/\/api.w.org\/{rel}","templated":true}]}}