{"id":260,"date":"2019-10-16T14:26:16","date_gmt":"2019-10-16T14:26:16","guid":{"rendered":"https:\/\/fundhas.org.br\/portfolio\/portfolio2019\/?page_id=260"},"modified":"2019-11-28T12:59:42","modified_gmt":"2019-11-28T12:59:42","slug":"patrulha","status":"publish","type":"page","link":"https:\/\/fundhas.org.br\/portfolio\/portfolio2019\/patrulha\/","title":{"rendered":"Patrulha Ambiental"},"content":{"rendered":"<h4><span style=\"color: #00aeef;\">Descri\u00e7\u00e3o<\/span><\/h4>\n<p>O Projeto Patrulha Ambiental acontece em parceria com o Parque Alambari, na regi\u00e3o leste de S\u00e3o Jos\u00e9 dos Campos -SP e abrange a\u00e7\u00f5es do eixo de Meio Ambiente e Sustentabilidade.<br \/>\nNossas crian\u00e7as e adolescentes multiplicam conhecimentos dentro e fora da Unidade da Fundhas, trabalhando a conscientiza\u00e7\u00e3o ambiental, por meio da Educomunica\u00e7\u00e3o Socioambiental que, desenvolve a vis\u00e3o cr\u00edtica, o reconhecimento do meio, t\u00e9cnicas de pesquisa e linguagens de comunica\u00e7\u00e3o dos participantes promovendo di\u00e1logo com os familiares e a Comunidade do entorno.<br \/>\nO resultado foi consolidado com o plantio de mudas no Parque, a\u00e7\u00f5es de limpeza m torno do Parque e o monitoramento do local para acompanhar o desenvolvimento das plantas e manter o local limpo.<br \/>\nV\u00e1rias a\u00e7\u00f5es t\u00eam sido realizadas, com envolvimento da Comunidade local e \u00f3rg\u00e3o do Munic\u00edpio que planejam e permeiam a preserva\u00e7\u00e3o do meio ambiente, o resultado ser\u00e1 no futuro um espa\u00e7o para garantir lazer para Comunidade.<\/p>\n<h4><span style=\"color: #00aeef;\">Galeria de Imagens<\/span><\/h4>\n<div id='gallery-1' class='czr-gallery row flex-row czr-gallery-style gallery galleryid-260 gallery-columns-3 gallery-size-thumbnail'><figure class='gallery-item col col-auto'>\r\n                        <div class='gallery-icon landscape czr-gallery-icon'>\r\n                              <a data-lb-type=\"grouped-gallery\" title=\"Patrulha Ambiental &#8211; Environmental Patrol \" href=https:\/\/fundhas.org.br\/portfolio\/portfolio2019\/wp-content\/uploads\/2019\/11\/WhatsApp-Image-2019-11-19-at-11.07.15-1.jpeg class=\"bg-link\"><\/a><img loading=\"lazy\" decoding=\"async\" width=\"150\" height=\"150\" src=\"https:\/\/fundhas.org.br\/portfolio\/portfolio2019\/wp-content\/uploads\/2019\/11\/WhatsApp-Image-2019-11-19-at-11.07.15-1-150x150.jpeg\" class=\"attachment-thumbnail size-thumbnail no-lazy\" alt=\"\" sizes=\"auto, (min-width: 1200px) 350px, (min-width: 992px) 290px, (min-width: 768px) 210px, (min-width: 576px) 150px, calc( 50vw - 30px )\" aria-describedby=\"gallery-1-1036\" srcset=\"https:\/\/fundhas.org.br\/portfolio\/portfolio2019\/wp-content\/uploads\/2019\/11\/WhatsApp-Image-2019-11-19-at-11.07.15-1-150x150.jpeg 150w, https:\/\/fundhas.org.br\/portfolio\/portfolio2019\/wp-content\/uploads\/2019\/11\/WhatsApp-Image-2019-11-19-at-11.07.15-1-510x510.jpeg 510w\" \/>\r\n                        <\/div>\r\n                              <figcaption class='wp-caption-text gallery-caption' id='gallery-1-1036'>\r\n                              Patrulha Ambiental &#8211; Environmental Patrol \r\n                              <\/figcaption><\/figure><figure class='gallery-item col col-auto'>\r\n                        <div class='gallery-icon landscape czr-gallery-icon'>\r\n                              <a data-lb-type=\"grouped-gallery\" title=\"Patrulha Ambiental &#8211; Environmental Patrol\" href=https:\/\/fundhas.org.br\/portfolio\/portfolio2019\/wp-content\/uploads\/2019\/11\/plantio-patrulha_fundhas.jpg class=\"bg-link\"><\/a><img loading=\"lazy\" decoding=\"async\" width=\"150\" height=\"150\" src=\"https:\/\/fundhas.org.br\/portfolio\/portfolio2019\/wp-content\/uploads\/2019\/11\/plantio-patrulha_fundhas-150x150.jpg\" class=\"attachment-thumbnail size-thumbnail no-lazy\" alt=\"\" sizes=\"auto, (min-width: 1200px) 350px, (min-width: 992px) 290px, (min-width: 768px) 210px, (min-width: 576px) 150px, calc( 50vw - 30px )\" aria-describedby=\"gallery-1-1114\" srcset=\"https:\/\/fundhas.org.br\/portfolio\/portfolio2019\/wp-content\/uploads\/2019\/11\/plantio-patrulha_fundhas-150x150.jpg 150w, https:\/\/fundhas.org.br\/portfolio\/portfolio2019\/wp-content\/uploads\/2019\/11\/plantio-patrulha_fundhas-510x510.jpg 510w\" \/>\r\n                        <\/div>\r\n                              <figcaption class='wp-caption-text gallery-caption' id='gallery-1-1114'>\r\n                              Patrulha Ambiental &#8211; Environmental Patrol\r\n                              <\/figcaption><\/figure><figure class='gallery-item col col-auto'>\r\n                        <div class='gallery-icon landscape czr-gallery-icon'>\r\n                              <a data-lb-type=\"grouped-gallery\" title=\"Patrulha Ambiental &#8211; Environmental Patrol\" href=https:\/\/fundhas.org.br\/portfolio\/portfolio2019\/wp-content\/uploads\/2019\/11\/WhatsApp-Image-2019-11-19-at-11.07.14-2.jpeg class=\"bg-link\"><\/a><img loading=\"lazy\" decoding=\"async\" width=\"150\" height=\"150\" src=\"https:\/\/fundhas.org.br\/portfolio\/portfolio2019\/wp-content\/uploads\/2019\/11\/WhatsApp-Image-2019-11-19-at-11.07.14-2-150x150.jpeg\" class=\"attachment-thumbnail size-thumbnail no-lazy\" alt=\"\" sizes=\"auto, (min-width: 1200px) 350px, (min-width: 992px) 290px, (min-width: 768px) 210px, (min-width: 576px) 150px, calc( 50vw - 30px )\" aria-describedby=\"gallery-1-1034\" srcset=\"https:\/\/fundhas.org.br\/portfolio\/portfolio2019\/wp-content\/uploads\/2019\/11\/WhatsApp-Image-2019-11-19-at-11.07.14-2-150x150.jpeg 150w, https:\/\/fundhas.org.br\/portfolio\/portfolio2019\/wp-content\/uploads\/2019\/11\/WhatsApp-Image-2019-11-19-at-11.07.14-2-510x510.jpeg 510w\" \/>\r\n                        <\/div>\r\n                              <figcaption class='wp-caption-text gallery-caption' id='gallery-1-1034'>\r\n                              Patrulha Ambiental &#8211; Environmental Patrol\r\n                              <\/figcaption><\/figure><figure class='gallery-item col col-auto'>\r\n                        <div class='gallery-icon landscape czr-gallery-icon'>\r\n                              <a data-lb-type=\"grouped-gallery\" title=\"Patrulha Ambiental &#8211; Environmental Patrol\" href=https:\/\/fundhas.org.br\/portfolio\/portfolio2019\/wp-content\/uploads\/2019\/11\/plantio-patrulha_fundhas.jpg-2.jpg class=\"bg-link\"><\/a><img loading=\"lazy\" decoding=\"async\" width=\"150\" height=\"150\" src=\"https:\/\/fundhas.org.br\/portfolio\/portfolio2019\/wp-content\/uploads\/2019\/11\/plantio-patrulha_fundhas.jpg-2-150x150.jpg\" class=\"attachment-thumbnail size-thumbnail no-lazy\" alt=\"\" sizes=\"auto, (min-width: 1200px) 350px, (min-width: 992px) 290px, (min-width: 768px) 210px, (min-width: 576px) 150px, calc( 50vw - 30px )\" aria-describedby=\"gallery-1-1113\" srcset=\"https:\/\/fundhas.org.br\/portfolio\/portfolio2019\/wp-content\/uploads\/2019\/11\/plantio-patrulha_fundhas.jpg-2-150x150.jpg 150w, https:\/\/fundhas.org.br\/portfolio\/portfolio2019\/wp-content\/uploads\/2019\/11\/plantio-patrulha_fundhas.jpg-2-510x510.jpg 510w\" \/>\r\n                        <\/div>\r\n                              <figcaption class='wp-caption-text gallery-caption' id='gallery-1-1113'>\r\n                              Patrulha Ambiental &#8211; Environmental Patrol\r\n                              <\/figcaption><\/figure><figure class='gallery-item col col-auto'>\r\n                        <div class='gallery-icon landscape czr-gallery-icon'>\r\n                              <a data-lb-type=\"grouped-gallery\" title=\"Patrulha Ambiental &#8211; Environmental Patrol\" href=https:\/\/fundhas.org.br\/portfolio\/portfolio2019\/wp-content\/uploads\/2019\/11\/WhatsApp-Image-2019-11-19-at-11.07.15.jpeg class=\"bg-link\"><\/a><img loading=\"lazy\" decoding=\"async\" width=\"150\" height=\"150\" src=\"https:\/\/fundhas.org.br\/portfolio\/portfolio2019\/wp-content\/uploads\/2019\/11\/WhatsApp-Image-2019-11-19-at-11.07.15-150x150.jpeg\" class=\"attachment-thumbnail size-thumbnail no-lazy\" alt=\"\" sizes=\"auto, (min-width: 1200px) 350px, (min-width: 992px) 290px, (min-width: 768px) 210px, (min-width: 576px) 150px, calc( 50vw - 30px )\" aria-describedby=\"gallery-1-1037\" srcset=\"https:\/\/fundhas.org.br\/portfolio\/portfolio2019\/wp-content\/uploads\/2019\/11\/WhatsApp-Image-2019-11-19-at-11.07.15-150x150.jpeg 150w, https:\/\/fundhas.org.br\/portfolio\/portfolio2019\/wp-content\/uploads\/2019\/11\/WhatsApp-Image-2019-11-19-at-11.07.15-510x510.jpeg 510w\" \/>\r\n                        <\/div>\r\n                              <figcaption class='wp-caption-text gallery-caption' id='gallery-1-1037'>\r\n                              Patrulha Ambiental &#8211; Environmental Patrol\r\n                              <\/figcaption><\/figure><figure class='gallery-item col col-auto'>\r\n                        <div class='gallery-icon landscape czr-gallery-icon'>\r\n                              <a data-lb-type=\"grouped-gallery\" title=\"Patrulha Ambiental &#8211; Environmental Patrol\" href=https:\/\/fundhas.org.br\/portfolio\/portfolio2019\/wp-content\/uploads\/2019\/11\/plantio-patrulha_fundhas.jpg-.jpg class=\"bg-link\"><\/a><img loading=\"lazy\" decoding=\"async\" width=\"150\" height=\"150\" src=\"https:\/\/fundhas.org.br\/portfolio\/portfolio2019\/wp-content\/uploads\/2019\/11\/plantio-patrulha_fundhas.jpg--150x150.jpg\" class=\"attachment-thumbnail size-thumbnail no-lazy\" alt=\"\" sizes=\"auto, (min-width: 1200px) 350px, (min-width: 992px) 290px, (min-width: 768px) 210px, (min-width: 576px) 150px, calc( 50vw - 30px )\" aria-describedby=\"gallery-1-1111\" srcset=\"https:\/\/fundhas.org.br\/portfolio\/portfolio2019\/wp-content\/uploads\/2019\/11\/plantio-patrulha_fundhas.jpg--150x150.jpg 150w, https:\/\/fundhas.org.br\/portfolio\/portfolio2019\/wp-content\/uploads\/2019\/11\/plantio-patrulha_fundhas.jpg--510x510.jpg 510w\" \/>\r\n                        <\/div>\r\n                              <figcaption class='wp-caption-text gallery-caption' id='gallery-1-1111'>\r\n                              Patrulha Ambiental &#8211; Environmental Patrol\r\n                              <\/figcaption><\/figure><figure class='gallery-item col col-auto'>\r\n                        <div class='gallery-icon landscape czr-gallery-icon'>\r\n                              <a data-lb-type=\"grouped-gallery\" title=\"Patrulha Ambiental &#8211; Environmental Patrol\" href=https:\/\/fundhas.org.br\/portfolio\/portfolio2019\/wp-content\/uploads\/2019\/11\/plantio-patrulha-4.jpg class=\"bg-link\"><\/a><img loading=\"lazy\" decoding=\"async\" width=\"150\" height=\"150\" src=\"https:\/\/fundhas.org.br\/portfolio\/portfolio2019\/wp-content\/uploads\/2019\/11\/plantio-patrulha-4-150x150.jpg\" class=\"attachment-thumbnail size-thumbnail no-lazy\" alt=\"\" sizes=\"auto, (min-width: 1200px) 350px, (min-width: 992px) 290px, (min-width: 768px) 210px, (min-width: 576px) 150px, calc( 50vw - 30px )\" aria-describedby=\"gallery-1-1112\" srcset=\"https:\/\/fundhas.org.br\/portfolio\/portfolio2019\/wp-content\/uploads\/2019\/11\/plantio-patrulha-4-150x150.jpg 150w, https:\/\/fundhas.org.br\/portfolio\/portfolio2019\/wp-content\/uploads\/2019\/11\/plantio-patrulha-4-510x510.jpg 510w\" \/>\r\n                        <\/div>\r\n                              <figcaption class='wp-caption-text gallery-caption' id='gallery-1-1112'>\r\n                              Patrulha Ambiental &#8211; Environmental Patrol\r\n                              <\/figcaption><\/figure><figure class='gallery-item col col-auto'>\r\n                        <div class='gallery-icon landscape czr-gallery-icon'>\r\n                              <a data-lb-type=\"grouped-gallery\" title=\"Patrulha Ambiental &#8211; Environmental Patrol\" href=https:\/\/fundhas.org.br\/portfolio\/portfolio2019\/wp-content\/uploads\/2019\/11\/plantio-de-arvores-area-de-preservacao-permanente-corrego-alambari-20-09-2019-lucas-cabral-13.jpg class=\"bg-link\"><\/a><img loading=\"lazy\" decoding=\"async\" width=\"150\" height=\"150\" src=\"https:\/\/fundhas.org.br\/portfolio\/portfolio2019\/wp-content\/uploads\/2019\/11\/plantio-de-arvores-area-de-preservacao-permanente-corrego-alambari-20-09-2019-lucas-cabral-13-150x150.jpg\" class=\"attachment-thumbnail size-thumbnail no-lazy\" alt=\"\" sizes=\"auto, (min-width: 1200px) 350px, (min-width: 992px) 290px, (min-width: 768px) 210px, (min-width: 576px) 150px, calc( 50vw - 30px )\" aria-describedby=\"gallery-1-1161\" srcset=\"https:\/\/fundhas.org.br\/portfolio\/portfolio2019\/wp-content\/uploads\/2019\/11\/plantio-de-arvores-area-de-preservacao-permanente-corrego-alambari-20-09-2019-lucas-cabral-13-150x150.jpg 150w, https:\/\/fundhas.org.br\/portfolio\/portfolio2019\/wp-content\/uploads\/2019\/11\/plantio-de-arvores-area-de-preservacao-permanente-corrego-alambari-20-09-2019-lucas-cabral-13-510x510.jpg 510w\" \/>\r\n                        <\/div>\r\n                              <figcaption class='wp-caption-text gallery-caption' id='gallery-1-1161'>\r\n                              Patrulha Ambiental &#8211; Environmental Patrol\r\n                              <\/figcaption><\/figure><figure class='gallery-item col col-auto'>\r\n                        <div class='gallery-icon landscape czr-gallery-icon'>\r\n                              <a data-lb-type=\"grouped-gallery\" title=\"Patrulha Ambiental &#8211; Environmental Patrol\" href=https:\/\/fundhas.org.br\/portfolio\/portfolio2019\/wp-content\/uploads\/2019\/11\/WhatsApp-Image-2019-05-27-at-16.25.34.jpeg class=\"bg-link\"><\/a><img loading=\"lazy\" decoding=\"async\" width=\"150\" height=\"150\" src=\"https:\/\/fundhas.org.br\/portfolio\/portfolio2019\/wp-content\/uploads\/2019\/11\/WhatsApp-Image-2019-05-27-at-16.25.34-150x150.jpeg\" class=\"attachment-thumbnail size-thumbnail no-lazy\" alt=\"\" sizes=\"auto, (min-width: 1200px) 350px, (min-width: 992px) 290px, (min-width: 768px) 210px, (min-width: 576px) 150px, calc( 50vw - 30px )\" aria-describedby=\"gallery-1-1162\" srcset=\"https:\/\/fundhas.org.br\/portfolio\/portfolio2019\/wp-content\/uploads\/2019\/11\/WhatsApp-Image-2019-05-27-at-16.25.34-150x150.jpeg 150w, https:\/\/fundhas.org.br\/portfolio\/portfolio2019\/wp-content\/uploads\/2019\/11\/WhatsApp-Image-2019-05-27-at-16.25.34-510x510.jpeg 510w\" \/>\r\n                        <\/div>\r\n                              <figcaption class='wp-caption-text gallery-caption' id='gallery-1-1162'>\r\n                              Patrulha Ambiental &#8211; Environmental Patrol\r\n                              <\/figcaption><\/figure>\r\n                  <\/div>\n\n<h4><span style=\"color: #00aeef;\">Links<\/span><\/h4>\n<p><a href=\"https:\/\/www.sjc.sp.gov.br\/noticias\/2019\/junho\/7\/semana-do-meio-ambiente-da-fundhas-termina-com-plantio\/\" target=\"_blank\" rel=\"noopener noreferrer\">https:\/\/www.sjc.sp.gov.br\/noticias\/2019\/junho\/7\/semana-do-meio-ambiente-da-fundhas-termina-com-plantio\/<\/a><\/p>\n<p><a href=\"https:\/\/www.facebook.com\/1361518513867687\/posts\/2445433795476148\/\">https:\/\/www.facebook.com\/1361518513867687\/posts\/2445433795476148\/<\/a><\/p>\n","protected":false},"excerpt":{"rendered":"<p>Descri\u00e7\u00e3o O Projeto Patrulha Ambiental acontece em parceria com o Parque Alambari, na regi\u00e3o leste de S\u00e3o Jos\u00e9 dos Campos -SP e abrange a\u00e7\u00f5es do eixo de Meio Ambiente e Sustentabilidade. Nossas crian\u00e7as e adolescentes multiplicam conhecimentos dentro e fora da Unidade da Fundhas, trabalhando a conscientiza\u00e7\u00e3o ambiental, por meio da Educomunica\u00e7\u00e3o Socioambiental que, desenvolve [&hellip;]<\/p>\n","protected":false},"author":4,"featured_media":0,"parent":0,"menu_order":0,"comment_status":"closed","ping_status":"closed","template":"","meta":{"footnotes":""},"class_list":["post-260","page","type-page","status-publish","czr-hentry"],"_links":{"self":[{"href":"https:\/\/fundhas.org.br\/portfolio\/portfolio2019\/wp-json\/wp\/v2\/pages\/260","targetHints":{"allow":["GET"]}}],"collection":[{"href":"https:\/\/fundhas.org.br\/portfolio\/portfolio2019\/wp-json\/wp\/v2\/pages"}],"about":[{"href":"https:\/\/fundhas.org.br\/portfolio\/portfolio2019\/wp-json\/wp\/v2\/types\/page"}],"author":[{"embeddable":true,"href":"https:\/\/fundhas.org.br\/portfolio\/portfolio2019\/wp-json\/wp\/v2\/users\/4"}],"replies":[{"embeddable":true,"href":"https:\/\/fundhas.org.br\/portfolio\/portfolio2019\/wp-json\/wp\/v2\/comments?post=260"}],"version-history":[{"count":21,"href":"https:\/\/fundhas.org.br\/portfolio\/portfolio2019\/wp-json\/wp\/v2\/pages\/260\/revisions"}],"predecessor-version":[{"id":1163,"href":"https:\/\/fundhas.org.br\/portfolio\/portfolio2019\/wp-json\/wp\/v2\/pages\/260\/revisions\/1163"}],"wp:attachment":[{"href":"https:\/\/fundhas.org.br\/portfolio\/portfolio2019\/wp-json\/wp\/v2\/media?parent=260"}],"curies":[{"name":"wp","href":"https:\/\/api.w.org\/{rel}","templated":true}]}}